e
Let v(c) = 358*c**3 - 29*c**2 + 204*c - 20. Is v(7) a composite number?
True
Let w be (0 - (-4)/3)/(8/432). Suppose w*u - 79*u = -30611. Is u a prime number?
True
Suppose 63*i - 10 = 58*i. Suppose 2*s - 2*n - 5490 = 0, 5*s - i*n - 17748 + 4017 = 0. Is s prime?
False
Let y = 322 + -76. Let p = y + 39. Is (-4)/6*p/(-2) a prime number?
False
Let n = 34 - 29. Suppose -3*t + 4*j + 2435 = 0, -3*t + j - 1616 = -n*t. Suppose t = -8*q + 9*q. Is q composite?
False
Let c = -353 - 39. Is 14375/9 - (-6 + c/(-63)) a composite number?
False
Suppose -2*n + 7 = 1. Suppose -28 = -10*q + n*q. Is (-2 + q - -206) + 1 composite?
True
Let v(a) = 1027*a**2 + 154*a - 3551. Is v(24) composite?
True
Let k be 3*(18/(-135))/(1/5). Let g be k/(-6) - -1*(-4882)/(-6). Let u = 1223 - g. Is u a prime number?
True
Let v be -5 + 2738 + 2 - 3. Is (v*8/128)/((-2)/(-8)) a composite number?
False
Suppose 7*v + 5*v - 280296 = 0. Let k = v - 13351. Is k a composite number?
False
Suppose 2*v + 4*y = -9730, 3*v - 4*v = -2*y + 4885. Let n = 26216 + v. Is n composite?
False
Suppose 3*r = -5*d + r + 20349, -4*d + 3*r = -16270. Suppose -m + d = 680. Is m composite?
False
Suppose -4*n = k - 271752, -2*k + 339693 = 77*n - 72*n. Is n a prime number?
False
Suppose 5*o = 23377 + 89923. Suppose 2*u - 3*u = -o. Suppose -14802 = -3*k + x - 1194, 0 = -5*k - 5*x + u. Is k composite?
True
Let w(o) = -o**2 + 2*o - 6. Let p be w(3). Let c(y) = 2*y**2 + 19*y + 14. Let k be c(p). Suppose 2333 = 2*r - i, 0*i + k*i - 1172 = -r. Is r composite?
True
Let j be -21 - 104/(-8) - 2*-1. Let x(p) be the third derivative of -19*p**4/8 - 11*p**3/6 - p**2. Is x(j) prime?
True
Suppose 185*l = 193*l - 27640. Is l a prime number?
False
Suppose -2*c - 1646 = -0*c. Let x = c - -1816. Is x prime?
False
Suppose 0 = 2*f - 5*u + 19, -4*f = 4*u - 28 - 4. Suppose o - 7517 = -f*i, -15*o = -11*o + i - 30112. Is o a composite number?
False
Let w(g) = 1578*g**3 + g**2 + 2*g - 7. Let b be w(-3). Is b/(-6) - (-84)/63 prime?
True
Is -3*((-344018)/3 - (-3)/((-66)/(-154))) a prime number?
True
Let s = -100 + -1203. Let u = s - -2174. Is u a prime number?
False
Suppose j = 2*r - 13197, 125*r + 13200 = 127*r + 2*j. Is r a prime number?
True
Suppose -2 = -11*y - 35. Let c be (-3)/1 - 20/(1 + y). Suppose -873 = -3*u + c*i - 6*i, 2*i + 1164 = 4*u. Is u a prime number?
False
Suppose 44*k = 40*k - 28. Let w be 205720/35 + (2/k)/(-1). Suppose -w = -d + u, 5*d - 2*u - u = 29392. Is d prime?
True
Let o = 108 - 60. Let p = 52 - o. Suppose 4*n = -f + 485, p*f + 1316 - 3290 = n. Is f prime?
False
Suppose 2*s - 29418 = -17*f + 15*f, -2*f = -3*s - 29438. Suppose -2*y + 1401 = -f. Is y a composite number?
True
Let o = -22987 - -47178. Is o a prime number?
False
Let m(x) = -634*x + 12. Let y be m(9). Is (36/(-54))/(0 + 4/y) composite?
True
Suppose -j + 4*m + m = 4400, 3*m + 4384 = -j. Is (-5)/(50/j)*(3 + -2) composite?
False
Let z be 9 - 18 - (-12)/(-3). Let x(n) = 6*n**2 + 24*n - 23. Is x(z) composite?
True
Let o(r) = 626*r**3 - 2*r**2 - 4*r - 1. Suppose 0 = 7*l - 4*l - g - 10, 5*l = -3*g + 12. Is o(l) prime?
True
Let j(l) = 11*l**2 + 8*l - 34. Let g be j(3). Let h = g + 53. Is h prime?
False
Suppose -y + 21236 = -4*n, 10*n - 6*n - 42412 = -2*y. Suppose 3*i + 4*r + r = y, 0 = 5*r - 15. Is i a prime number?
False
Let s = -822 + 118699. Is s composite?
False
Is 3404232/30 - 16/40 prime?
False
Suppose 0 = 5*t - 3*o - 297670, 4*t + 2*o = 51248 + 186866. Is t a prime number?
False
Suppose -298*c + 300083565 = -39132345 - 21841188. Is c a composite number?
True
Let v(h) = -31598*h + 8499. Is v(-11) a composite number?
False
Is ((207/(-12))/((-45)/(-29112)))/(8/(-20)) composite?
True
Let n = 109 + 275. Suppose 0 = -d + 527 + 48. Suppose 0 = 2*c - 2*g - n, 2*c - d = -c + 2*g. Is c a prime number?
True
Let r be (21062/8)/((-37)/148). Let b = r + 16112. Is b a composite number?
False
Suppose -3636905 + 715543 = -39*a + 830399. Is a a prime number?
True
Let c(l) = -l**2 + 7*l + 83. Let g be c(-6). Suppose -4*i - 3*w + 16959 = 0, -11083 = -4*i + 3*w + 5870. Suppose -i = -g*t - 734. Is t a prime number?
True
Let n = 359 + -348. Suppose n*i = 7*i + 18476. Is i a prime number?
False
Is (-10)/2 + (-6)/(-4)*16762 a composite number?
True
Suppose -4*v + 1580407 = 3*w, -2*w + 4*w = 2. Is v/77 + 12/(-66) a prime number?
False
Let u = 35559 - -67154. Is u prime?
False
Suppose -3*g - o = -1, -8*g + 10*g = -5*o - 21. Suppose 2*c - 6884 = -g*h, 7*h + 5 = 8*h. Is c composite?
True
Let t be ((-44)/(-33))/((-2)/(-2769)). Suppose -27*y + t = -25*y. Suppose -y = -r - 4*o, 521 = -3*r + 5*o + 3273. Is r a prime number?
True
Let m(q) = -q**2 + q + 1481. Let o(n) = 15 - n**2 + 3*n - 9*n + 3 - 2. Let x be o(-8). Is m(x) a composite number?
False
Suppose 863*n - 171120 = 868*n. Let p = -8767 - n. Is p composite?
False
Let b be (-6 + 138/6)*2348. Suppose 4*s - 2*s - g - b = 0, s + 2*g - 19953 = 0. Is s a composite number?
True
Suppose -5*u = -2*p + 1 - 15, p = 4*u - 13. Let o(j) = 122*j**p + 12*j**2 - 12*j - 2*j**2 + 6 - 121*j**3 + 4*j**2. Is o(-13) a prime number?
True
Let o = -21 + 25. Suppose -o*z - 3 = -11. Is z*403 + (-2 - -5) a prime number?
True
Let n(m) = 1 - 5 - 1409*m + 4 - 4. Let q be n(-2). Suppose -q = -2*a + 4*i, 2*a + i = -i + 2844. Is a a prime number?
False
Suppose 0 = -3*p + 6*j - 7*j + 15465, 2*j = 2*p - 10318. Let h = p - 2529. Is h a prime number?
False
Let h(o) = 126*o**2 + 387*o - 44. Is h(19) prime?
False
Let o = 432878 - -4865. Is o prime?
True
Suppose 0 = 2*c - 380 - 19730. Suppose -5*k - 3*u + 8*u + c = 0, 2*u + 2014 = k. Let x = k + -1193. Is x composite?
True
Suppose 0 = -2*t + 4*d + 864066, 3*t - 3*d - 1728107 = -t. Is t a composite number?
False
Suppose 13*g = -q + 9*g - 20, -2*q + 2*g + 10 = 0. Suppose -5*v + 28410 = -10165. Suppose 6*o - 17203 - v = q. Is o a composite number?
False
Let c = 26665 - 45509. Is c/70*(-5)/2 prime?
True
Suppose -464*o = -909*o + 100049795. Is o a composite number?
False
Let i be (69 - 1)*(-8)/(176/(-3157)). Suppose -3*l = 31*l - i. Is l a composite number?
True
Let i be 466 + 5*(-8)/(-20). Suppose -66 = 2*q + i. Let j = -68 - q. Is j composite?
False
Let f(t) = 26*t**3 - 38*t**2 + 46*t - 101. Is f(29) a prime number?
True
Suppose -2*h + 79 = 5*b - 79, 4*h + 4*b - 304 = 0. Let z be 6/9 + 538/3. Let q = z - h. Is q a composite number?
True
Let l be 4/6 + (-150)/9. Let u(p) = 61*p + 44. Let d be u(l). Let s = d + 1950. Is s a composite number?
True
Let z = -394 - -399. Suppose -8009 = -z*u - 2*v, 8011 = 5*u + 3*v - 0*v. Is u a prime number?
True
Let l be -1 - (3 + -9 - 2660). Is 3 - (11/44 + l/(-4)) composite?
True
Suppose -o = -3*d - 594, 0 = 3*o - d + 613 - 2371. Let h = -6 + 11. Suppose -h*q - o = -5455. Is q composite?
True
Suppose 2*j - 4*c + 19 = -c, 0 = -4*j - 3*c + 7. Let s be -10*(59/j + 0). Suppose -52*b + s = -51*b. Is b a prime number?
False
Suppose 0*s - 15 = -s + 4*c, 4*c + 17 = -s. Let u(j) = 4 - 290*j - 180*j + 101*j. Is u(s) a composite number?
False
Let w(q) = -42143*q - 84. Is w(-5) composite?
False
Suppose -54*r - 55*r + 581547 = -260042. Is r a composite number?
True
Let f(z) = -55*z - 435. Let d be f(-8). Suppose 10*o - 12*o = -u + 9095, -3*u = d*o - 27263. Is u prime?
True
Let w(u) = 22*u**2 - 10*u. Let h be w(-10). Let l = h + -711. Is l prime?
False
Suppose v - 5 = n, 5 = -4*v - 3*n + 2*n. Suppose 2*h + 30 = 5*b, -5*b - 2*h + 1 + 49 = v. Suppose -10123 = -b*c + 2061. Is c composite?
False
Let z be (-2)/(-9) + 88/9. Let a(u) = -5*u**2 - 3 + 3*u**3 + 3*u**3 - 5*u**3 + u**2 - 10*u. Is a(z) a prime number?
False
Suppose -d + 46105 = n, 3*d + 12110 - 150413 = 3*n. Is d a composite number?
False
Let b be 14023 + (-1 - (3 + 0)). Let n = b + -8333. Suppose -5*v - 3*p + p + 5694 = 0, -5*v + 2*p + n = 0. Is v a prime number?
False
Let g(i) = -2*i**3 + i**2 - 21*i + 1847345. Is g(0) a prime number?
False
Let m = 46 - 26. Let w be (m/(-8))/(-1 + (-46)/(-48)). Is w + 1/((-4)/(-8)) composite?
True
Let s be (2 - (-1 - -1))*78372/56. Suppose 3*q = a - 553, 5*a + 31*q - 29*q = s. Is a a composite number?
True
Let m = -155008 - -249417. Is m a prime number?
False
Let y = -146282 + 1185285. Is y composite?
True
Is 14 - (-58368 - (1 - -6)) a prime number?
False
Suppose 4*r - 121657 - 621778 = -81783. Is r prime?
False
